+ 28).
57
Let j = 35 - 16. Suppose -p = -4*p - 24. Calculate the remainder when (p/(-20))/(1/135) is divided by j.
16
Calculate the remainder when (-223)/(-6)*(6 + 19 - 13) is divided by 147.
5
Let p be 5/((-20)/(-12)) - -24. Suppose -p*c + 25*c + 24 = 0. Calculate the remainder when c/(-3) + 85 + 0 is divided by 14.
11
Let o(s) = -355*s - 333. Calculate the remainder when 359 is divided by o(-1).
7
Suppose 0 = -2*k + z + 208, -3*k - 4*z = 84 - 363. What is the remainder when 150 is divided by k?
49
Suppose a - 6942 = -23*a + 11*a. Calculate the remainder when a is divided by 124.
38
Let p = 886 - 788. Suppose 2*k + p - 134 = 0. What is the remainder when 44 is divided by k?
8
Let y(z) = -z**3 - 5*z**2 + 16*z + 9. Let w be y(-7). What is the remainder when (-544)/(-18) + ((-282)/54 - w) is divided by 2?
0
Suppose 3*o + 10*o - 39 = 0. Suppose 6*v - o*v = 858. Suppose -7*x = -953 - v. Calculate the remainder when x is divided by 30.
27
Suppose -14*y - 328 = 176. Calculate the remainder when 2*(-3 - -2)*702/y is divided by 20.
19
Let h(c) = 2*c**3 + 110*c**2 - 117*c - 240. What is the remainder when 397 is divided by h(-56)?
37
Let y(l) = -8*l - 11. Calculate the remainder when 2/1 + (-170)/(-2) is divided by y(-2).
2
Let g(w) = w**3 + 16*w**2 + 25. Let x be 2*13/(-2) + 44 + -47. Calculate the remainder when 222 is divided by g(x).
22
Suppose 0 = -5*i - 2*n - 0 + 1, -8 = 5*i - n. Let u be (-2739)/(-44) + i + (-3)/(-4). Let f = u - 35. What is the remainder when f is divided by 10?
7
Let i be -11 - (-2 - 2) - -16. Suppose i*n + 58 = 571. What is the remainder when n is divided by 7?
1
Suppose -270 = -0*y + 10*y. Let n = y + 124. Suppose -5*i = -278 - n. What is the remainder when i is divided by 19?
18
Let i(a) = -569*a - 2642. Calculate the remainder when i(-5) is divided by 118.
85
Let x = -18668 - -18851. Calculate the remainder when 455 is divided by x.
89
Calculate the remainder when 281 is divided by (8 - -7*231/(-196))*-332.
32
Suppose -a + 132 - 97 = 3*t, -a - 5*t = -37. Calculate the remainder when 3130 is divided by a.
26
Suppose 0 = o + 2, 3*a - 5*o - 5 = 8. Let v(g) = -7. Let k(d) = d. Let s(l) = a*v(l) - 6*k(l). Calculate the remainder when s(-8) is divided by 22.
19
Suppose 0 = -5*p - 1264 + 1229, 3*p = 3*j - 396. Calculate the remainder when 5122 is divided by j.
122
Let q be ((-1)/(-2)*-3)/(51/136). Let h be 4/(-16)*-3*q. Calculate the remainder when 14 is divided by h/(-9)*(21 + -6).
4
Suppose -5*h = 9*o - 21 - 299, -5*o - 317 = -4*h. What is the remainder when 1455 is divided by h?
68
Let s = 3405 + -1599. What is the remainder when s is divided by 903?
0
Suppose 4*g - n - 491 = 0, -5*n + 556 - 283 = 2*g. Calculate the remainder when 187 is divided by g.
63
Let t = -6682 + 7228. Calculate the remainder when t is divided by 69.
63
Let x be ((-324)/(-8))/9*4/6. Suppose -5*n + 6*t - x*t + 140 = 0, 5*t = -5*n + 180. What is the remainder when 132 is divided by n?
8
Calculate the remainder when (-23 + 26 + 14/(-6))*(1 + 4889) is divided by 136.
132
Let x(n) = 38*n**2 + 3*n - 106. Calculate the remainder when x(7) is divided by 440.
17
Let i(f) = -f**2. Let j(x) = 3*x**2 + 7*x - 23. Let g(h) = 2*i(h) + j(h). Calculate the remainder when 143 is divided by g(-12).
32
Let j(a) = 37*a**2 + 95*a - 728. What is the remainder when j(7) is divided by 22?
12
Suppose -5*t - 3*b + 528 = 0, -4*t = -b - 232 - 204. Let s = t - 10. What is the remainder when s is divided by 25?
23
Suppose -17*x = -17 - 51. Suppose 5*s - 110 = -5*d, -19*d - x*s + 10 = -18*d. What is the remainder when 205 is divided by d?
23
Let w(c) = 648*c - 269. Let a = 49 + -33. What is the remainder when w(1) is divided by a?
11
Let p = -2243 + 14877. Calculate the remainder when p is divided by 19.
18
Let x(h) = 5*h**3 + 4*h**2 + 12*h - 43. What is the remainder when x(4) is divided by 90?
29
Calculate the remainder when 79 is divided by 9 + 66/21*(15 + -8).
17
Suppose 5*c - c - 6 = 2*y, -2 = c - 4*y. Suppose 4*i = 20*v - 19*v - 29, 0 = 2*v - c*i - 28. Calculate the remainder when 41 is divided by v.
5
Let b(n) = -n**3 - 8*n**2 - 7*n + 4. Suppose -7*v = v - 48. Suppose -3*l - v + 54 = 0. Calculate the remainder when b(-8) is divided by l.
12
Suppose 2*z + 2*z + 2*p - 10 = 0, -4*p = 2*z - 20. Suppose z = 3*q - 3 - 69. Calculate the remainder when 93 is divided by q.
21
Let t(i) = -8*i**2 + 14*i - 61. Let x be t(7). Let w = 1339 + x. What is the remainder when w is divided by 47?
44
Suppose -5*m + 116 = 3*c, -10*c + 12*c - 2*m = 104. Suppose 0 = 2*y + n - c, -y + 5*n = 8*n - 26. What is the remainder when 30 is divided by y?
7
Let f(l) = -4*l - 14. Let x be 2/(-4)*(-14 + 4). Suppose -3*c = u - 4*u - 30, x*c - 46 = 3*u. What is the remainder when f(-6) is divided by c?
2
Let v = 803 - 1227. Let b = v + 458. Let t = 234 - 133. What is the remainder when t is divided by b?
33
Suppose 0 = o - 0*o - 3*u - 18, 5*o - 20 = u. Suppose -c - z + 1 = 3*z, -5*z + 31 = o*c. Suppose -74 = -3*y - c. Calculate the remainder when y is divided by 8.
3
What is the remainder when 8/14 + 45291/84 + (-1)/(-4) is divided by 33 - (2 - (-4 + 5))?
28
Suppose 0 = -4*u + 5*w + 334 + 111, -221 = -2*u + 3*w. Calculate the remainder when 193 is divided by u.
78
Suppose 3*w + 0 = -5*y + 17, 10 = 2*w + 2*y. Suppose 0 = -3*d + 15, -m + w*d = 3*d - 6. Calculate the remainder when 274 is divided by m.
10
Suppose -25*y - 52856 = 66394. Calculate the remainder when 528 is divided by y/(-120)*(-1 - 33/(-9)).
104
Suppose -244*f + 3*x = -243*f - 46, 0 = f - 4*x - 46. What is the remainder when f is divided by 9?
1
Suppose -d - 2 - 227 = t, 0 = 2*t - 4. Let o = -123 - d. Let h = -4 + 26. What is the remainder when o is divided by h?
20
Let z(c) = -5*c**3 - c**2 - 3*c - 2. Let b be z(-1). Suppose -189 = -u - 2*l, b*l + 960 = u + 4*u. Calculate the remainder when u is divided by 48.
47
Suppose -2*m = -2*p - 14, 4*p + 19 - 3 = 2*m. Suppose 0 = m*k - 167 - 73. Calculate the remainder when 156 is divided by k.
36
Let l(s) = 37*s**3 - 1. Let f be l(1). Let k = -81 + f. Let i = k + 104. What is the remainder when i is divided by 21?
17
Let o = -18321 + 18344. Let f(k) = 2*k**2 - 3*k + 7. Calculate the remainder when f(-8) is divided by o.
21
Let a = -6761 + 7320. What is the remainder when a is divided by 4?
3
Suppose -2 = z, -3*z - 1 = -5*h - 0. Let l be h/(-3) + (-2305)/(-15). What is the remainder when (0 + -10)/(7/(l/(-4))) is divided by 8?
7
Let k = 7196 - 6946. Calculate the remainder when k is divided by (37 - 1) + 0/1.
34
Let z = 1812 - 1774. What is the remainder when 102 is divided by z?
26
Let f(j) = 2*j**2 - 428*j + 7059. Let y be 0/((0 - -2) + -1). Let u(r) = -r**3 + r**2 + r + 5. What is the remainder when u(y) is divided by f(18)?
2
Let b(x) = 3*x**3 + 19*x**2 + 8*x + 14. Let o be b(-6). Let s(y) = 95*y**2 + 8*y + 1. Calculate the remainder when s(o) is divided by 57.
55
Let d be (0 - 3) + (6 + -1)*1. Suppose 4*u = j - 37 - 9, 4*u - 56 = -d*j. Calculate the remainder when j is divided by 12.
10
Let u(p) = -13*p + 1. Suppose -157*j = -17400 - 7720. What is the remainder when j is divided by u(-2)?
25
Let o(f) = f**2 - 59*f - 296. What is the remainder when 251 is divided by o(-5)?
11
Suppose -9*n - 3*n + 5910 = 3*n. Calculate the remainder when n is divided by 63.
16
Let h = -376070 - -376224. Suppose 48 = c + 3*c. What is the remainder when h is divided by c?
10
Let a(y) = -y**3 - 2*y**2 + 3*y + 4. Suppose 0 = 4*b - 13*o + 16*o + 1420, 0 = -3*o + 12. Let f = b - -372. Calculate the remainder when a(-4) is divided by f.
10
Let u(q) = 5*q**2 + 7*q - 2. Let n(p) = 3*p**2 + 27*p - 498. Calculate the remainder when n(12) is divided by u(-5).
82
Let n be 4 + -288 + 2/1. Let r = n - -314. What is the remainder when 54 is divided by r?
22
Suppose -12871*p + 156 = -12867*p. Suppose -3*b + 2*w + 35 = 0, 0 = 4*b + 5*w - w - 80. Calculate the remainder when p is divided by b.
9
Let a be (-1)/(-4) - 2/8. Let s be (-2 - -1)/(5/(-10) - a). Suppose 4 = p + s*n, 60 = 3*p + p - 3*n. What is the remainder when 23 is divided by p?
11
Let y(l) = 345*l**2 - 158*l - 322. What is the remainder when y(-2) is divided by 16?
14
Suppose q + 196 = g, -3*q = g - 37 - 147. What is the remainder when 306 is divided by g?
113
What is the rema